at is the greatest common factor of 3953828 and 188?
188
What is the highest common divisor of 13086 and 1602?
18
Calculate the highest common divisor of 7605 and 2405.
65
Calculate the highest common divisor of 54 and 202374.
18
Calculate the greatest common divisor of 38527 and 79013.
653
Calculate the highest common divisor of 3 and 52933.
1
What is the highest common divisor of 314 and 799601?
157
Calculate the greatest common factor of 5755922 and 118.
118
What is the highest common divisor of 166 and 167909?
83
What is the greatest common divisor of 15 and 209955?
15
What is the highest common divisor of 90 and 5040450?
90
What is the greatest common factor of 5258 and 1617?
11
What is the greatest common divisor of 3129 and 57?
3
Calculate the highest common factor of 21 and 306922.
7
Calculate the highest common divisor of 197548 and 232.
116
What is the highest common factor of 536 and 88?
8
What is the highest common factor of 32016 and 1472?
368
Calculate the greatest common factor of 8432847 and 753.
753
Calculate the highest common factor of 1351 and 63.
7
What is the highest common factor of 258 and 1168826?
86
What is the greatest common factor of 958 and 242853?
479
What is the highest common factor of 291148 and 572?
572
What is the highest common divisor of 174 and 7830609?
87
What is the greatest common divisor of 63 and 9408?
21
Calculate the highest common factor of 263112 and 36.
12
Calculate the greatest common divisor of 760 and 192520.
40
What is the greatest common divisor of 208686 and 42?
6
Calculate the greatest common divisor of 3032 and 20728.
8
What is the highest common divisor of 860 and 121460?
20
Calculate the greatest common divisor of 100 and 280300.
100
Calculate the greatest common divisor of 237 and 1100391.
237
What is the greatest common factor of 15 and 206700?
15
Calculate the highest common divisor of 728433 and 529.
529
What is the greatest common divisor of 1102379 and 7273?
1039
What is the highest common factor of 127 and 1939671?
127
Calculate the highest common factor of 77115 and 165.
15
What is the greatest common divisor of 12213 and 16461?
531
Calculate the highest common factor of 4 and 763036.
4
Calculate the highest common divisor of 4340 and 8155.
35
Calculate the greatest common factor of 18 and 2788146.
18
Calculate the greatest common divisor of 2430 and 12879.
243
Calculate the greatest common divisor of 5161 and 50419.
397
What is the greatest common factor of 247 and 1502995?
247
Calculate the highest common factor of 161952 and 91392.
672
What is the greatest common factor of 118064 and 94?
94
Calculate the greatest common factor of 119 and 68.
17
Calculate the highest common factor of 1776 and 12506.
74
What is the greatest common factor of 692449 and 41?
41
What is the greatest common factor of 79584 and 21984?
96
Calculate the greatest common divisor of 462 and 113358.
42
What is the greatest common factor of 3893 and 6562?
17
What is the greatest common divisor of 2327 and 3029?
13
What is the highest common divisor of 44229 and 207?
69
Calculate the highest common divisor of 372 and 270.
6
What is the highest common divisor of 3552 and 11296?
32
Calculate the greatest common divisor of 286 and 48308.
26
What is the greatest common factor of 128 and 27008?
128
Calculate the highest common divisor of 155 and 333715.
155
What is the greatest common factor of 1016530 and 50?
10
Calculate the highest common factor of 224 and 4774.
14
Calculate the greatest common divisor of 954357 and 615.
123
What is the greatest common divisor of 34874 and 37842?
742
Calculate the greatest common factor of 767 and 51094.
59
What is the highest common divisor of 27214 and 198?
22
Calculate the greatest common divisor of 3994 and 4267589.
1997
What is the greatest common divisor of 185136 and 931?
133
Calculate the greatest common factor of 563910 and 120.
30
Calculate the highest common divisor of 1392 and 566892.
348
Calculate the highest common factor of 13936 and 804.
268
Calculate the greatest common divisor of 31072 and 1616.
16
Calculate the greatest common factor of 127794 and 354.
354
What is the greatest common divisor of 352 and 946?
22
What is the greatest common factor of 651 and 3486?
21
Calculate the greatest common factor of 57 and 141949.
19
What is the highest common divisor of 570 and 100168?
38
Calculate the highest common divisor of 9338 and 28.
14
What is the greatest common factor of 17 and 2248?
1
Calculate the greatest common divisor of 12 and 55812.
12
What is the highest common factor of 30 and 664480?
10
Calculate the greatest common divisor of 4914 and 23922.
54
What is the highest common factor of 1570 and 4120?
10
What is the greatest common divisor of 11368 and 1856?
232
What is the greatest common divisor of 239352 and 24?
24
Calculate the greatest common factor of 523 and 4966408.
523
Calculate the highest common divisor of 306 and 145248.
102
Calculate the highest common divisor of 26 and 122876.
26
Calculate the greatest common divisor of 134 and 924064.
134
What is the greatest common divisor of 48 and 40?
8
Calculate the highest common factor of 6292 and 15004.
484
Calculate the greatest common divisor of 365145 and 5115.
165
What is the greatest common divisor of 12181 and 23425?
937
Calculate the greatest common factor of 37023 and 1376.
43
What is the highest common divisor of 132 and 132?
132
What is the greatest common divisor of 26216 and 226?
226
Calculate the greatest common divisor of 720 and 12276.
36
Calculate the greatest common factor of 209708 and 2060.
412
What is the highest common factor of 792 and 59112?
72
Calculate the greatest common factor of 825 and 6963.
33
What is the highest common factor of 33544 and 21?
7
What is the greatest common factor of 76712 and 172?
172
What is the greatest common factor of 86090 and 290?
10
What is the highest common factor of 1466 and 2947393?
733
Calculate the greatest common factor of 191 and 52907.
191
What is the greatest common factor of 152 and 38256?
8
Calculate the highest common divisor of 634 and 1646.
2
Calculate the highest common factor of 5762 and 13072.
86
Calculate the highest common factor of 85 and 26503.
17
What is the highest common divisor of 843625 and 85?
85
What is the highest common divisor of 33840 and 288?
144
Calculate the highest common factor of 567 and 17658.
81
What is the greatest common divisor of 503620 and 26?
26
What is the highest common factor of 76 and 35226?
38
What is the highest common factor of 131405 and 5330?
205
What is the greatest common factor of 449043 and 21?
21
What is the highest common divisor of 18887653 and 19?
19
What is the highest common divisor of 42475 and 575?
25
Calculate the highest common divisor of 76164 and 132.
132
Calculate the highest common factor of 2816 and 308.
44
Calculate the greatest common divisor of 247424 and 512.
128
What is the greatest common divisor of 653804 and 316?
316
Calculate the greatest common factor of 252736 and 128.
64
What is the greatest common divisor of 169 and 184379?
169
What is the highest common divisor of 9301 and 917?
131
What is the highest common factor of 2316 and 1207601?
193
Calculate the greatest common factor of 1182078 and 9.
9
What is the highest common divisor of 884821 and 2296?
287
Calculate the highest common factor of 75 and 13605.
15
What is the greatest common divisor of 1241 and 22849?
73
Calculate the highest common factor of 46 and 1448333.
23
What is the highest common factor of 155 and 14215?
5
What is the greatest common factor of 345988 and 268?
268
Calculate the greatest common factor of 53168 and 592.
16
Calculate the highest common divisor of 1432 and 48.
8
Calculate the greatest common divisor of 819 and 63700.
91
Calculate the greatest common divisor of 6462540 and 184.
92
Calculate the greatest common divisor of 10263 and 33033.
33
Calculate the greatest common factor of 377625 and 19133.
1007
What is the highest common factor of 28566 and 147062?
1058
What is the highest common factor of 310779 and 42?
21
Calculate the greatest common factor of 108 and 348921.
27
What is the highest common factor of 25241 and 11309?
43
Calculate the highest common divisor of 240 an